86409?
9
What is the tens digit of 213954?
5
What is the thousands digit of 101886?
1
What is the hundreds digit of 2778406?
4
What is the units digit of 575518?
8
What is the units digit of 498425?
5
What is the hundreds digit of 440358?
3
What is the units digit of 1270641?
1
What is the ten thousands digit of 1248967?
4
What is the units digit of 41604?
4
What is the ten thousands digit of 1306382?
0
What is the thousands digit of 475249?
5
What is the ten thousands digit of 633557?
3
What is the ten thousands digit of 130772?
3
What is the ten thousands digit of 207883?
0
What is the units digit of 142832?
2
What is the hundreds digit of 299143?
1
What is the thousands digit of 943720?
3
What is the hundred thousands digit of 1134655?
1
What is the ten millions digit of 28999309?
2
What is the millions digit of 1465434?
1
What is the tens digit of 1883950?
5
What is the thousands digit of 389972?
9
What is the ten thousands digit of 197125?
9
What is the hundred thousands digit of 20585067?
5
What is the ten thousands digit of 1074038?
7
What is the hundred thousands digit of 332674?
3
What is the thousands digit of 207436?
7
What is the units digit of 14158302?
2
What is the hundred thousands digit of 22379191?
3
What is the millions digit of 1045194?
1
What is the hundred thousands digit of 1570949?
5
What is the hundreds digit of 4237600?
6
What is the ten thousands digit of 1440017?
4
What is the thousands digit of 95620?
5
What is the ten thousands digit of 10386135?
8
What is the tens digit of 19512391?
9
What is the ten thousands digit of 2298486?
9
What is the units digit of 1676073?
3
What is the hundreds digit of 748206?
2
What is the millions digit of 1330324?
1
What is the hundreds digit of 6655525?
5
What is the thousands digit of 133428?
3
What is the ten thousands digit of 4281789?
8
What is the millions digit of 15790197?
5
What is the hundreds digit of 1652210?
2
What is the tens digit of 4063288?
8
What is the ten thousands digit of 2798239?
9
What is the tens digit of 5426526?
2
What is the ten thousands digit of 23558507?
5
What is the millions digit of 6029957?
6
What is the thousands digit of 12014754?
4
What is the millions digit of 4955485?
4
What is the ten thousands digit of 14357489?
5
What is the hundred thousands digit of 23851249?
8
What is the ten thousands digit of 760390?
6
What is the ten thousands digit of 1584054?
8
What is the hundred thousands digit of 7309787?
3
What is the tens digit of 370055?
5
What is the units digit of 151640?
0
What is the hundred thousands digit of 487764?
4
What is the hundreds digit of 156642?
6
What is the hundred thousands digit of 9759185?
7
What is the tens digit of 194981?
8
What is the tens digit of 14111?
1
What is the millions digit of 3168162?
3
What is the hundreds digit of 183826?
8
What is the hundreds digit of 2905382?
3
What is the tens digit of 6234447?
4
What is the ten thousands digit of 338109?
3
What is the hundreds digit of 188607?
6
What is the millions digit of 1052319?
1
What is the hundreds digit of 3390080?
0
What is the hundreds digit of 2529478?
4
What is the tens digit of 61202?
0
What is the tens digit of 149719?
1
What is the tens digit of 288966?
6
What is the thousands digit of 12025527?
5
What is the ten thousands digit of 1346586?
4
What is the hundred thousands digit of 1279215?
2
What is the thousands digit of 8777633?
7
What is the units digit of 183421?
1
What is the hundreds digit of 2473026?
0
What is the millions digit of 12601010?
2
What is the ten thousands digit of 1069476?
6
What is the tens digit of 2690934?
3
What is the hundred thousands digit of 3263090?
2
What is the hundred thousands digit of 714384?
7
What is the ten thousands digit of 1154106?
5
What is the thousands digit of 3382109?
2
What is the tens digit of 66454?
5
What is the hundred thousands digit of 1597416?
5
What is the ten thousands digit of 559232?
5
What is the ten thousands digit of 41905?
4
What is the ten thousands digit of 1667669?
6
What is the millions digit of 3931122?
3
What is the hundreds digit of 1167577?
5
What is the tens digit of 108189?
8
What is the thousands digit of 3199842?
9
What is the millions digit of 1348747?
1
What is the ten thousands digit of 430533?
3
What is the hundred thousands digit of 471404?
4
What is the hundred thousands digit of 163663?
1
What is the thousands digit of 2836749?
6
What is the hundreds digit of 118229?
2
What is the hundreds digit of 525?
5
What is the millions digit of 1939853?
1
What is the tens digit of 5515779?
7
What is the thousands digit of 1258323?
8
What is the hundreds digit of 2111405?
4
What is the units digit of 326256?
6
What is the tens digit of 10413171?
7
What is the tens digit of 1888563?
6
What is the thousands digit of 619173?
9
What is the ten thousands digit of 1072022?
7
What is the units digit of 8214135?
5
What is the ten thousands digit of 2989516?
8
What is the ten thousands digit of 365379?
6
What is the millions digit of 1609277?
1
What is the hundred thousands digit of 713824?
7
What is the hundred thousands digit of 1388432?
3
What is the hundred thousands digit of 6254809?
2
What is the ten thousands digit of 1405480?
0
What is the thousands digit of 296891?
6
What is the tens digit of 12162?
6
What is the tens digit of 373940?
4
What is the units digit of 1608650?
0
What is the hundreds digit of 888566?
5
What is the units digit of 531030?
0
What is the tens digit of 299619?
1
What is the units digit of 590434?
4
What is the tens digit of 11309898?
9
What is the units digit of 139496?
6
What is the thousands digit of 83310?
3
What is the ten thousands digit of 31179388?
7
What is the thousands digit of 99670?
9
What is the ten thousands digit of 4478221?
7
What is the thousands digit of 4303338?
3
What is the ten thousands digit of 1170179?
7
What is the ten millions digit of 24562628?
2
What is the units digit of 432130?
0
What is the ten thousands digit of 142519?
4
What is the thousands digit of 2084724?
4
What is the ten thousands digit of 131153?
3
What is the hundreds digit of 17972694?
6
What is the hundred thousands digit of 1295522?
2
What is the ten thousands digit of 19222653?
2
What is the tens digit of 4962905?
0
What is the tens digit of 815606?
0
What is the tens digit of 1411346?
4
What is the hundred thousands digit of 2597229?
5
What is the thousands digit of 7904098?
4
What is the ten thousands digit of 395654?
9
What is the thousands digit of 464458?
4
What is the hundred thousands digit of 706441?
7
What is the hundreds digit of 2435115?
1
What is the thousands digit of 237804?
7
What is the units digit of 11270350?
0
What is the units digit of 11542334?
4
What is the hundred thousands digit of 188469?
1
What is the thousands digit of 182582?
2
What is the tens digit of 15987589?
8
What is the hundreds digit of 1372716?
7
What is the hundred thousands digit of 658438?
6
What is the hundreds digit of 5149226?
2
What is the hundred thousands digit of 467553?
4
What is the units digit of 59821?
1
What is the tens digit of 1231812?
1
What is the tens digit of 1069166?
6
What is the units digit of 65077?
7
What is the thousands digit of 202618?
2
What is the hundreds digit of 428023?
0
What is the tens digit of 75263?
6
What is the hundreds digit of 5990096?
0
What is the hundred thousands digit of 8511389?
5
What is the ten thousands digit of 98609?
9
What is the hundreds digit of 223744?
7
What is the units digit of 394764?
4
What is the hundreds digit of 39164?
1
What is the ten thousands digit of 80670?
8
What is the units digit of 4704?
4
What is the thousands digit of 972896?
2
What is the thousands digit of 7660352?
0
What is the hundred thousands digit of 364839?
3
What is the hundred thousands digit of 8079350?
0
What is the tens digit of 140019?
1
What is the units digit of 18940?
0
What is the units digit of 2261063?
3
What is the hundreds digit of 308105?
1
What is the tens digit of 11447028?
2
What is the thousands digit of 4074336?
4
What is the ten thousands digit of 166612?
6
What is the ten millions digit of 10476820?
1
What is the millions digit of 3133848?
3
What is the thousands digit of 15253926?
3
What is the hundreds digit of 21514?